{"id":1010,"date":"2018-05-15T14:58:17","date_gmt":"2018-05-15T14:58:17","guid":{"rendered":"http:\/\/mayodel68.org\/?post_type=project&amp;p=1010"},"modified":"2018-05-15T14:58:17","modified_gmt":"2018-05-15T14:58:17","slug":"mayo-como-metafora","status":"publish","type":"project","link":"https:\/\/mayo68.puenteromano.net\/index.php\/project\/mayo-como-metafora\/","title":{"rendered":"Mayo como met\u00e1fora"},"content":{"rendered":"<p>[et_pb_section bb_built=\u00bb1&#8243; _builder_version=\u00bb3.0.47&#8243;][et_pb_row _builder_version=\u00bb3.2.2&#8243; background_color=\u00bb#000000&#8243;][et_pb_column type=\u00bb4_4&#8243;][et_pb_text _builder_version=\u00bb3.2.2&#8243; header_font=\u00bbHappy Monkey|700|||||||\u00bb header_text_color=\u00bb#ffffff\u00bb]<\/p>\n<h1 style=\"text-align: center;\">Mayo como met\u00e1fora<\/h1>\n<p>[\/et_pb_text][\/et_pb_column][\/et_pb_row][et_pb_row _builder_version=\u00bb3.2.2&#8243; background_size=\u00bbinitial\u00bb background_position=\u00bbtop_left\u00bb background_repeat=\u00bbrepeat\u00bb background_color=\u00bb#ededed\u00bb custom_padding=\u00bb20px|20px|20px|20px|true|true\u00bb][et_pb_column type=\u00bb4_4&#8243;][et_pb_text _builder_version=\u00bb3.2.2&#8243; text_text_color=\u00bb#000000&#8243;]<\/p>\n<div id=\"attachment_347\" style=\"width: 310px\" class=\"wp-caption alignleft\"><img loading=\"lazy\" decoding=\"async\" aria-describedby=\"caption-attachment-347\" class=\"size-medium wp-image-347\" src=\"https:\/\/mayodel68.org\/wp-content\/uploads\/2018\/04\/Mayo-del-68-Fundacio\u0301n-Joan-Miro\u0301-300x300.jpg\" alt=\"Mayo del 68, obra de Joan Mir\u00f3\" width=\"300\" height=\"300\" srcset=\"https:\/\/mayo68.puenteromano.net\/wp-content\/uploads\/2018\/04\/Mayo-del-68-Fundacio\u0301n-Joan-Miro\u0301-300x300.jpg 300w, https:\/\/mayo68.puenteromano.net\/wp-content\/uploads\/2018\/04\/Mayo-del-68-Fundacio\u0301n-Joan-Miro\u0301-150x150.jpg 150w, https:\/\/mayo68.puenteromano.net\/wp-content\/uploads\/2018\/04\/Mayo-del-68-Fundacio\u0301n-Joan-Miro\u0301-768x771.jpg 768w, https:\/\/mayo68.puenteromano.net\/wp-content\/uploads\/2018\/04\/Mayo-del-68-Fundacio\u0301n-Joan-Miro\u0301-980x984.jpg 980w, https:\/\/mayo68.puenteromano.net\/wp-content\/uploads\/2018\/04\/Mayo-del-68-Fundacio\u0301n-Joan-Miro\u0301-480x482.jpg 480w, https:\/\/mayo68.puenteromano.net\/wp-content\/uploads\/2018\/04\/Mayo-del-68-Fundacio\u0301n-Joan-Miro\u0301.jpg 1000w\" sizes=\"(max-width: 300px) 100vw, 300px\" \/><p id=\"caption-attachment-347\" class=\"wp-caption-text\">Mayo del 68, obra de Joan Mir\u00f3<\/p><\/div>\n<h1>Viaje al conf\u00edn<\/h1>\n<h4>F\u00e9lix Blanco S\u00e1nchez, Coviella, Cangas de On\u00eds<\/h4>\n<h4>_____________________________________________<\/h4>\n<p>1<\/p>\n<p>Part\u00ed con chebarba y remota cabellera &#8211; mi padre aleg\u00f3 enseguida que la ca\u00edda era fruto de la inmersi\u00f3n diaria en el Lladuengu .<br \/>\nLuego volver\u00e9 sobre el agua corriente en Nigeria o jab\u00f3n Chimbo.<br \/>\nLocalizado ese episodio insist\u00ed en nadar de espalda y vi la espuma de la luna o espejo de la tierra. Sin ella, vac\u00eda al parecer, yo no ser\u00eda quien escribe sobre una enagua; no me habr\u00eda imantado esa transparencia que so\u00f1\u00e9 m\u00e1s que vi en las mujeres del otro lado de Fuenterrab\u00eda, all\u00e1 del puente y del auto stop. Miento: tuve esa caricia en las piernas de mi madre, un secreto alb\u00f3ndiga de los curas rotos.<br \/>\nTempl\u00e9 antes que me diera cuenta una sorpresa: ascua voladora inmersa en arcilla donde beben las vacas antes de ser rotuladas.<br \/>\nNada entonces predec\u00eda nada.<br \/>\nToda palabra es una vida usada.<br \/>\nY en ese instante suspendido continu\u00f3 mi viaje. Recib\u00ed desde los andamios obreros de Espa\u00f1a saludos de manada, ecos de conciencia esclava; salud\u00e9 a lo Quevedo \u00a1baja! No se atrevieron.<br \/>\nEntonces, en agosto de 1968 y con retraso de lo que voy diciendo, hab\u00eda m\u00e1s all\u00e1 del Pirineo una tregua, una calma y algunas exhibiciones a\u00e9reas que aventaban a escoba cualquier papel referido a la conciencia de clase. Estoy en Vichy o Bayreuth.<br \/>\nTom\u00e9 aguas en tres vasos peregrinos.<br \/>\nCasi me atraganto.<\/p>\n<p>2<\/p>\n<p>Escrib\u00ed hace much\u00edsimos ra\u00edles una imitaci\u00f3n de la Sonata a Kreutzer y hace poco un traspi\u00e9s de Dostoievski en Wiesbaden. Siberia y Uzbekistan \u00bfd\u00f3nde quedan?<br \/>\nComo el tiempo, supongo: si me lo preguntas no s\u00e9 qu\u00e9 es, pero si no me lo preguntas acierto.<br \/>\nPoner patas arriba algo es una expresi\u00f3n confusa, un trastero del seminario torcuato del repetir nebrijo. Pero Stulpen (Marx, Grundisse), sin embargo, pudo pasar de la voz cruda del idealismo empresario, con sus sombreros, a la URSS, al cerebro.<br \/>\nPero la conciencia depende del mono, y el mono es tard\u00edo y se ara\u00f1a la cabeza.<br \/>\nY delata. Y miente.<br \/>\nHaz, por tanto, el amor y no la guerra. Prohibido prohibir, recog\u00ed del suelo esas sandalias que me recordaron la guerra de Vietnam y que en el cine Park -casi reci\u00e9n estrenado en Cangas de On\u00eds- y por santo Tom\u00e1s hice elogio con guitarra a Ho Chi Ming, balada imperfecta pues que hab\u00eda algunas pira\u00f1as meticulosas.<br \/>\nPobres de esp\u00edritu.<br \/>\nHac\u00eda poco que la Guardia Mora acampaba, tras 25 a\u00f1os de paz, en la campera del Instituto Rey Pelayo o as\u00ed, mientras Franco certificaba alg\u00fan salm\u00f3n tricornio en Ca\u00f1u.<br \/>\nCasi me atraganto.<\/p>\n<p>3<\/p>\n<p>Mi afici\u00f3n al conf\u00edn original tuvo que ver con la lectura de Jules Verne y sobre todo con el Decamer\u00f3n, libro proscrito aqu\u00ed (y recomiendo que lo sea) de Giovanni Boccaccio.<br \/>\nEnagua y relato epic\u00fareo contra la sombra: academia.<br \/>\nHuida de toda peste.<br \/>\nDescubr\u00ed los ojos m\u00e1s que el o\u00eddo.<br \/>\nNad\u00e9 en el r\u00edo Allier, afluente, a favor de un idioma mal aprendido cuando quien ense\u00f1a carece de acento porque imprime el suyo, torcaz, seud\u00f3nimo, rancio.<br \/>\n\u00a1Ojal\u00e1 me disculpen los adjetivos y la aspereza del hambre emigrante porque invoque a Goya en Bordeaux!<br \/>\nEntre genio e ingenio perdieron tiempo los compromisos de C\u00e1diz que extrajeron a un fel\u00f3n y al pesebre descendiente. Aqu\u00ed.<br \/>\nFui a aprender c\u00f3mo se cuida el campo, o sea, geometr\u00eda. O construcci\u00f3n geom\u00e9trica de las ideas, valga la redundancia. Aunque no supiera a qu\u00e9 iba necesariamente.<br \/>\nSalto de Vichy a Paris y veo que todo dios se ha ido \u00a1qu\u00e9 maravilla Pigalle gratis!<br \/>\nJulio Cort\u00e1zar nos dedicaba \u2013a m\u00ed o a una maga- La autopista del sur.<br \/>\nCasi me atraganto.<\/p>\n<p>F.<\/p>\n<p>[\/et_pb_text][\/et_pb_column][\/et_pb_row][et_pb_row][et_pb_column type=\u00bb4_4&#8243;][et_pb_divider _builder_version=\u00bb3.2.2&#8243; show_divider=\u00bboff\u00bb height=\u00bb5px\u00bb \/][\/et_pb_column][\/et_pb_row][et_pb_row _builder_version=\u00bb3.2.2&#8243; background_size=\u00bbinitial\u00bb background_position=\u00bbtop_left\u00bb background_repeat=\u00bbrepeat\u00bb background_color=\u00bb#000000&#8243; custom_padding=\u00bb20px|20px|20px|20px\u00bb][et_pb_column type=\u00bb4_4&#8243;][et_pb_text admin_label=\u00bbText\u00bb _builder_version=\u00bb3.2.2&#8243; background_size=\u00bbinitial\u00bb background_position=\u00bbtop_left\u00bb background_repeat=\u00bbrepeat\u00bb background_layout=\u00bbdark\u00bb]<\/p>\n<h1>Viaje al conf\u00edn: actividades propuestas<\/h1>\n<ul>\n<li>Lengua y cultura francesa: percepci\u00f3n de la \u00abescena\u00bb francesa desde el universo espa\u00f1ol. Identificaci\u00f3n de las referencias\u00a0 y contrastes<\/li>\n<li>Lengua y literatura: an\u00e1lisis de los componentes est\u00e9ticos en el texto<\/li>\n<li>Filosof\u00eda: identificaci\u00f3n de ideas y met\u00e1foras como elementos delimitadores -confines- del mundo propio. Topolog\u00eda del otro como utop\u00eda<\/li>\n<li>Filosof\u00eda: identificaci\u00f3n y an\u00e1lisis de los referentes culturales e ideacionales presentes en el texto<\/li>\n<li>Educaci\u00f3n pl\u00e1stica: elaboraci\u00f3n y fundamentaci\u00f3n de posibles ilustraciones a partir del texto<\/li>\n<\/ul>\n<p>[\/et_pb_text][\/et_pb_column][\/et_pb_row][\/et_pb_section]<\/p>\n","protected":false},"excerpt":{"rendered":"<p>Mayo como met\u00e1fora Viaje al conf\u00edn F\u00e9lix Blanco S\u00e1nchez, Coviella, Cangas de On\u00eds _____________________________________________ 1 Part\u00ed con chebarba y remota cabellera &#8211; mi padre aleg\u00f3 enseguida que la ca\u00edda era fruto de la inmersi\u00f3n diaria en el Lladuengu . Luego volver\u00e9 sobre el agua corriente en Nigeria o jab\u00f3n Chimbo. Localizado ese episodio insist\u00ed en [&hellip;]<\/p>\n","protected":false},"author":1,"featured_media":347,"comment_status":"open","ping_status":"closed","template":"","meta":{"_et_pb_use_builder":"on","_et_pb_old_content":"","_et_gb_content_width":"","footnotes":""},"project_category":[8],"project_tag":[],"class_list":["post-1010","project","type-project","status-publish","has-post-thumbnail","hentry","project_category-unidad-didactica"],"_links":{"self":[{"href":"https:\/\/mayo68.puenteromano.net\/index.php\/wp-json\/wp\/v2\/project\/1010","targetHints":{"allow":["GET"]}}],"collection":[{"href":"https:\/\/mayo68.puenteromano.net\/index.php\/wp-json\/wp\/v2\/project"}],"about":[{"href":"https:\/\/mayo68.puenteromano.net\/index.php\/wp-json\/wp\/v2\/types\/project"}],"author":[{"embeddable":true,"href":"https:\/\/mayo68.puenteromano.net\/index.php\/wp-json\/wp\/v2\/users\/1"}],"replies":[{"embeddable":true,"href":"https:\/\/mayo68.puenteromano.net\/index.php\/wp-json\/wp\/v2\/comments?post=1010"}],"version-history":[{"count":0,"href":"https:\/\/mayo68.puenteromano.net\/index.php\/wp-json\/wp\/v2\/project\/1010\/revisions"}],"wp:featuredmedia":[{"embeddable":true,"href":"https:\/\/mayo68.puenteromano.net\/index.php\/wp-json\/wp\/v2\/media\/347"}],"wp:attachment":[{"href":"https:\/\/mayo68.puenteromano.net\/index.php\/wp-json\/wp\/v2\/media?parent=1010"}],"wp:term":[{"taxonomy":"project_category","embeddable":true,"href":"https:\/\/mayo68.puenteromano.net\/index.php\/wp-json\/wp\/v2\/project_category?post=1010"},{"taxonomy":"project_tag","embeddable":true,"href":"https:\/\/mayo68.puenteromano.net\/index.php\/wp-json\/wp\/v2\/project_tag?post=1010"}],"curies":[{"name":"wp","href":"https:\/\/api.w.org\/{rel}","templated":true}]}}

Mayo como metáfora

<p>[et_pb_section bb_built=»1&#8243; _builder_version=»3.0.47&#8243;][et_pb_row _builder_version=»3.2.2&#8243; background_color=»#000000&#8243;][et_pb_column type=»4_4&#8243;][et_pb_text _builder_version=»3.2.2&#8243; header_font=»Happy Monkey|700|||||||» header_text_color=»#ffffff»]</p>
<h1 style="text-align: center;">Mayo como metáfora</h1>
<p>[/et_pb_text][/et_pb_column][/et_pb_row][et_pb_row _builder_version=»3.2.2&#8243; background_size=»initial» background_position=»top_left» background_repeat=»repeat» background_color=»#ededed» custom_padding=»20px|20px|20px|20px|true|true»][et_pb_column type=»4_4&#8243;][et_pb_text _builder_version=»3.2.2&#8243; text_text_color=»#000000&#8243;]</p>
<div id="attachment_347" style="width: 310px" class="wp-caption alignleft"><img loading="lazy" decoding="async" aria-describedby="caption-attachment-347" class="size-medium wp-image-347" src="https://mayodel68.org/wp-content/uploads/2018/04/Mayo-del-68-Fundación-Joan-Miró-300x300.jpg" alt="Mayo del 68, obra de Joan Miró" width="300" height="300" srcset="https://mayo68.puenteromano.net/wp-content/uploads/2018/04/Mayo-del-68-Fundación-Joan-Miró-300x300.jpg 300w, https://mayo68.puenteromano.net/wp-content/uploads/2018/04/Mayo-del-68-Fundación-Joan-Miró-150x150.jpg 150w, https://mayo68.puenteromano.net/wp-content/uploads/2018/04/Mayo-del-68-Fundación-Joan-Miró-768x771.jpg 768w, https://mayo68.puenteromano.net/wp-content/uploads/2018/04/Mayo-del-68-Fundación-Joan-Miró-980x984.jpg 980w, https://mayo68.puenteromano.net/wp-content/uploads/2018/04/Mayo-del-68-Fundación-Joan-Miró-480x482.jpg 480w, https://mayo68.puenteromano.net/wp-content/uploads/2018/04/Mayo-del-68-Fundación-Joan-Miró.jpg 1000w" sizes="(max-width: 300px) 100vw, 300px" /><p id="caption-attachment-347" class="wp-caption-text">Mayo del 68, obra de Joan Miró</p></div>
<h1>Viaje al confín</h1>
<h4>Félix Blanco Sánchez, Coviella, Cangas de Onís</h4>
<h4>_____________________________________________</h4>
<p>1</p>
<p>Partí con chebarba y remota cabellera &#8211; mi padre alegó enseguida que la caída era fruto de la inmersión diaria en el Lladuengu .<br />
Luego volveré sobre el agua corriente en Nigeria o jabón Chimbo.<br />
Localizado ese episodio insistí en nadar de espalda y vi la espuma de la luna o espejo de la tierra. Sin ella, vacía al parecer, yo no sería quien escribe sobre una enagua; no me habría imantado esa transparencia que soñé más que vi en las mujeres del otro lado de Fuenterrabía, allá del puente y del auto stop. Miento: tuve esa caricia en las piernas de mi madre, un secreto albóndiga de los curas rotos.<br />
Templé antes que me diera cuenta una sorpresa: ascua voladora inmersa en arcilla donde beben las vacas antes de ser rotuladas.<br />
Nada entonces predecía nada.<br />
Toda palabra es una vida usada.<br />
Y en ese instante suspendido continuó mi viaje. Recibí desde los andamios obreros de España saludos de manada, ecos de conciencia esclava; saludé a lo Quevedo ¡baja! No se atrevieron.<br />
Entonces, en agosto de 1968 y con retraso de lo que voy diciendo, había más allá del Pirineo una tregua, una calma y algunas exhibiciones aéreas que aventaban a escoba cualquier papel referido a la conciencia de clase. Estoy en Vichy o Bayreuth.<br />
Tomé aguas en tres vasos peregrinos.<br />
Casi me atraganto.</p>
<p>2</p>
<p>Escribí hace muchísimos raíles una imitación de la Sonata a Kreutzer y hace poco un traspiés de Dostoievski en Wiesbaden. Siberia y Uzbekistan ¿dónde quedan?<br />
Como el tiempo, supongo: si me lo preguntas no sé qué es, pero si no me lo preguntas acierto.<br />
Poner patas arriba algo es una expresión confusa, un trastero del seminario torcuato del repetir nebrijo. Pero Stulpen (Marx, Grundisse), sin embargo, pudo pasar de la voz cruda del idealismo empresario, con sus sombreros, a la URSS, al cerebro.<br />
Pero la conciencia depende del mono, y el mono es tardío y se araña la cabeza.<br />
Y delata. Y miente.<br />
Haz, por tanto, el amor y no la guerra. Prohibido prohibir, recogí del suelo esas sandalias que me recordaron la guerra de Vietnam y que en el cine Park -casi recién estrenado en Cangas de Onís- y por santo Tomás hice elogio con guitarra a Ho Chi Ming, balada imperfecta pues que había algunas pirañas meticulosas.<br />
Pobres de espíritu.<br />
Hacía poco que la Guardia Mora acampaba, tras 25 años de paz, en la campera del Instituto Rey Pelayo o así, mientras Franco certificaba algún salmón tricornio en Cañu.<br />
Casi me atraganto.</p>
<p>3</p>
<p>Mi afición al confín original tuvo que ver con la lectura de Jules Verne y sobre todo con el Decamerón, libro proscrito aquí (y recomiendo que lo sea) de Giovanni Boccaccio.<br />
Enagua y relato epicúreo contra la sombra: academia.<br />
Huida de toda peste.<br />
Descubrí los ojos más que el oído.<br />
Nadé en el río Allier, afluente, a favor de un idioma mal aprendido cuando quien enseña carece de acento porque imprime el suyo, torcaz, seudónimo, rancio.<br />
¡Ojalá me disculpen los adjetivos y la aspereza del hambre emigrante porque invoque a Goya en Bordeaux!<br />
Entre genio e ingenio perdieron tiempo los compromisos de Cádiz que extrajeron a un felón y al pesebre descendiente. Aquí.<br />
Fui a aprender cómo se cuida el campo, o sea, geometría. O construcción geométrica de las ideas, valga la redundancia. Aunque no supiera a qué iba necesariamente.<br />
Salto de Vichy a Paris y veo que todo dios se ha ido ¡qué maravilla Pigalle gratis!<br />
Julio Cortázar nos dedicaba –a mí o a una maga- La autopista del sur.<br />
Casi me atraganto.</p>
<p>F.</p>
<p>[/et_pb_text][/et_pb_column][/et_pb_row][et_pb_row][et_pb_column type=»4_4&#8243;][et_pb_divider _builder_version=»3.2.2&#8243; show_divider=»off» height=»5px» /][/et_pb_column][/et_pb_row][et_pb_row _builder_version=»3.2.2&#8243; background_size=»initial» background_position=»top_left» background_repeat=»repeat» background_color=»#000000&#8243; custom_padding=»20px|20px|20px|20px»][et_pb_column type=»4_4&#8243;][et_pb_text admin_label=»Text» _builder_version=»3.2.2&#8243; background_size=»initial» background_position=»top_left» background_repeat=»repeat» background_layout=»dark»]</p>
<h1>Viaje al confín: actividades propuestas</h1>
<ul>
<li>Lengua y cultura francesa: percepción de la «escena» francesa desde el universo español. Identificación de las referencias  y contrastes</li>
<li>Lengua y literatura: análisis de los componentes estéticos en el texto</li>
<li>Filosofía: identificación de ideas y metáforas como elementos delimitadores -confines- del mundo propio. Topología del otro como utopía</li>
<li>Filosofía: identificación y análisis de los referentes culturales e ideacionales presentes en el texto</li>
<li>Educación plástica: elaboración y fundamentación de posibles ilustraciones a partir del texto</li>
</ul>
<p>[/et_pb_text][/et_pb_column][/et_pb_row][/et_pb_section]</p>

<p>Mayo como metáfora Viaje al confín Félix Blanco Sánchez, Coviella, Cangas de Onís _____________________________________________ 1 Partí con chebarba y remota cabellera &#8211; mi padre alegó enseguida que la caída era fruto de la inmersión diaria en el Lladuengu . Luego volveré sobre el agua corriente en Nigeria o jabón Chimbo. Localizado ese episodio insistí en [&hellip;]</p>
