{"id":660,"date":"2018-05-05T08:42:28","date_gmt":"2018-05-05T08:42:28","guid":{"rendered":"http:\/\/mayodel68.org\/?page_id=660"},"modified":"2018-05-05T08:42:28","modified_gmt":"2018-05-05T08:42:28","slug":"cine-ano-de-1968-no-solo-nos-quedara-paris","status":"publish","type":"page","link":"https:\/\/mayo68.puenteromano.net\/index.php\/cine-ano-de-1968-no-solo-nos-quedara-paris\/","title":{"rendered":"Cine. 1968: \u00abNo s\u00f3lo nos quedar\u00e1 Par\u00eds\u00bb"},"content":{"rendered":"<p>[et_pb_section bb_built=\u00bb1&#8243; admin_label=\u00bbHeader Section\u00bb fullwidth=\u00bbon\u00bb _builder_version=\u00bb3.0.80&#8243; background_color=\u00bb#000000&#8243; custom_padding=\u00bb|||\u00bb next_background_color=\u00bb#ffffff\u00bb][et_pb_fullwidth_header admin_label=\u00bbContents\u00bb title=\u00bbNo s\u00f3lo nos quedar\u00e1 Par\u00eds\u00bb subhead=\u00bbOtros escenarios visuales\u00bb text_orientation=\u00bbcenter\u00bb header_fullscreen=\u00bbon\u00bb header_scroll_down=\u00bbon\u00bb scroll_down_icon=\u00bb%%2%%\u00bb scroll_down_icon_color=\u00bb#ffffff\u00bb button_one_text=\u00bbTeatro Filarm\u00f3nica\u00bb background_overlay_color=\u00bbrgba(0,0,0,0.4)\u00bb content_max_width_last_edited=\u00bboff|desktop\u00bb _builder_version=\u00bb3.2.1&#8243; title_font=\u00bbOswald|||on|\u00bb title_text_align=\u00bbcenter\u00bb title_font_size=\u00bb80px\u00bb title_font_size_tablet=\u00bb60px\u00bb title_font_size_phone=\u00bb40px\u00bb title_font_size_last_edited=\u00bbon|tablet\u00bb title_letter_spacing=\u00bb0.1em\u00bb title_line_height=\u00bb1.5em\u00bb content_line_height=\u00bb1.7em\u00bb subhead_font=\u00bbNunito|600|||||||\u00bb subhead_font_size=\u00bb20px\u00bb subhead_line_height=\u00bb1.9em\u00bb background_color=\u00bbrgba(255, 255, 255, 0)\u00bb background_image=\u00bbhttps:\/\/mayodel68.org\/wp-content\/uploads\/2018\/05\/Teatro-Filarmonica-Oviedo.jpg\u00bb parallax=\u00bbon\u00bb parallax_method=\u00bbon\u00bb custom_button_one=\u00bbon\u00bb button_one_text_size=\u00bb15px\u00bb button_one_bg_color=\u00bb#dca57d\u00bb button_one_border_width=\u00bb10px\u00bb button_one_border_color=\u00bb#dca57d\u00bb button_one_border_radius=\u00bb0px\u00bb button_one_letter_spacing=\u00bb3px\u00bb button_one_font=\u00bbOswald|||on|\u00bb button_one_use_icon=\u00bboff\u00bb button_one_bg_color_hover=\u00bb#c99872&#8243; button_one_border_color_hover=\u00bb#c99872&#8243; button_one_border_radius_hover=\u00bb0px\u00bb button_one_letter_spacing_hover=\u00bb3px\u00bb animation_style=\u00bbfade\u00bb animation_starting_opacity=\u00bb50%\u00bb animation_speed_curve=\u00bbease-in\u00bb button_one_url=\u00bb#Programa\u00bb]<\/p>\n<p>&nbsp;<\/p>\n<p>[\/et_pb_fullwidth_header][\/et_pb_section][et_pb_section bb_built=\u00bb1&#8243; admin_label=\u00bbCoffee Menu\u00bb _builder_version=\u00bb3.0.85&#8243; background_image=\u00bbhttps:\/\/mayodel68.org\/wp-content\/uploads\/2018\/05\/coffee-item-10.jpg\u00bb custom_padding=\u00bb100px||100px|\u00bb prev_background_color=\u00bb#000000&#8243; next_background_color=\u00bb#1d140b\u00bb][et_pb_row admin_label=\u00bbSection Header\u00bb custom_padding=\u00bb40px|0px|40px|0px\u00bb _builder_version=\u00bb3.0.80&#8243; module_alignment=\u00bbcenter\u00bb][et_pb_column type=\u00bb4_4&#8243;][et_pb_text admin_label=\u00bbTittle\u00bb _builder_version=\u00bb3.2.1&#8243; text_font=\u00bbNunito||||||||\u00bb text_font_size=\u00bb18px\u00bb text_line_height=\u00bb1.8em\u00bb header_2_font=\u00bbOswald|||on|||||\u00bb header_2_text_align=\u00bbcenter\u00bb header_2_font_size=\u00bb40px\u00bb header_2_letter_spacing=\u00bb1px\u00bb header_2_line_height=\u00bb1.5em\u00bb max_width=\u00bb600px\u00bb max_width_last_edited=\u00bboff|desktop\u00bb module_alignment=\u00bbcenter\u00bb custom_margin=\u00bb|||\u00bb]<\/p>\n<h2>Mediados de los 60<\/h2>\n<p>[\/et_pb_text][et_pb_text admin_label=\u00bbSubtittle\u00bb disabled_on=\u00bboff|off|off\u00bb _builder_version=\u00bb3.2.1&#8243; text_font=\u00bbNunito||||||||\u00bb text_font_size=\u00bb18px\u00bb text_line_height=\u00bb1.8em\u00bb header_font=\u00bbOswald||||\u00bb header_font_size=\u00bb16px\u00bb header_letter_spacing=\u00bb2px\u00bb text_orientation=\u00bbcenter\u00bb max_width=\u00bb600px\u00bb max_width_last_edited=\u00bbon|phone\u00bb module_alignment=\u00bbcenter\u00bb custom_margin=\u00bb-30px|||\u00bb]<\/p>\n<p>Tres propuestas cinematogr\u00e1ficas<\/p>\n<p>[\/et_pb_text][\/et_pb_column][\/et_pb_row][et_pb_row admin_label=\u00bbCoffee items\u00bb custom_padding=\u00bb60px|0px|60px|0px\u00bb custom_margin=\u00bb|||\u00bb _builder_version=\u00bb3.0.85&#8243;][et_pb_column type=\u00bb1_3&#8243;][et_pb_blurb admin_label=\u00bbcoffee Item\u00bb title=\u00bbMemorias del subdesarrollo\u00bb image=\u00bbhttp:\/\/mayodel68.org\/wp-content\/uploads\/2018\/05\/Memorias-del-subdesarrollo-cartel.jpg\u00bb image_max_width=\u00bb280px\u00bb _builder_version=\u00bb3.2.1&#8243; header_font=\u00bbOswald|||on|\u00bb header_text_align=\u00bbcenter\u00bb header_font_size=\u00bb20px\u00bb header_letter_spacing=\u00bb1px\u00bb header_line_height=\u00bb1.7em\u00bb body_font=\u00bbNunito||||\u00bb body_text_align=\u00bbcenter\u00bb body_font_size=\u00bb18px\u00bb body_line_height=\u00bb1.8em\u00bb text_orientation=\u00bbcenter\u00bb animation=\u00bbright\u00bb]<\/p>\n<p>Tom\u00e1s Guti\u00e9rrez Alea<span style=\"font-size: 18px;\"><br \/>\nCuba, 1968<\/span><\/p>\n<p>[\/et_pb_blurb][\/et_pb_column][et_pb_column type=\u00bb1_3&#8243;][et_pb_blurb admin_label=\u00bbcoffee Item\u00bb title=\u00bbPeppermit Frapp\u00e9\u00bb image=\u00bbhttp:\/\/mayodel68.org\/wp-content\/uploads\/2018\/05\/Peppermint-frappe\u0301-cartel.jpg\u00bb image_max_width=\u00bb280px\u00bb _builder_version=\u00bb3.2.1&#8243; header_font=\u00bbOswald|||on|\u00bb header_text_align=\u00bbcenter\u00bb header_font_size=\u00bb20px\u00bb header_letter_spacing=\u00bb1px\u00bb header_line_height=\u00bb1.7em\u00bb body_font=\u00bbNunito||||\u00bb body_text_align=\u00bbcenter\u00bb body_font_size=\u00bb18px\u00bb body_line_height=\u00bb1.8em\u00bb text_orientation=\u00bbcenter\u00bb animation=\u00bboff\u00bb]<\/p>\n<p>Carlos Saura<br \/>\nEspa\u00f1a, 1967<\/p>\n<p>[\/et_pb_blurb][\/et_pb_column][et_pb_column type=\u00bb1_3&#8243;][et_pb_blurb admin_label=\u00bbcoffee Item\u00bb title=\u00bbLas margaritas\u00bb image=\u00bbhttp:\/\/mayodel68.org\/wp-content\/uploads\/2018\/05\/Las-margaritas-cartel.jpg\u00bb image_max_width=\u00bb280px\u00bb _builder_version=\u00bb3.2.2&#8243; header_font=\u00bbOswald|||on|\u00bb header_text_align=\u00bbcenter\u00bb header_font_size=\u00bb20px\u00bb header_letter_spacing=\u00bb1px\u00bb header_line_height=\u00bb1.7em\u00bb body_font=\u00bbNunito||||\u00bb body_text_align=\u00bbcenter\u00bb body_font_size=\u00bb18px\u00bb body_line_height=\u00bb1.8em\u00bb text_orientation=\u00bbcenter\u00bb animation=\u00bbleft\u00bb]<\/p>\n<p>Vera Chytilov\u00e1<br \/>\nChecoeslovaquia, 1966<\/p>\n<p><img loading=\"lazy\" decoding=\"async\" class=\"alignnone size-medium wp-image-1049\" src=\"https:\/\/mayo68.puenteromano.net\/wp-content\/uploads\/2018\/05\/Centro-Checo-300x62.jpg\" alt=\"\" width=\"300\" height=\"62\" \/><\/p>\n<p>[\/et_pb_blurb][\/et_pb_column][\/et_pb_row][et_pb_row admin_label=\u00bbCTA Button\u00bb custom_padding=\u00bb|||\u00bb custom_margin=\u00bb|||\u00bb _builder_version=\u00bb3.0.80&#8243;][et_pb_column type=\u00bb4_4&#8243;][et_pb_button button_url=\u00bb#Programa\u00bb button_text=\u00bbFechas\u00bb button_alignment=\u00bbcenter\u00bb _builder_version=\u00bb3.2.1&#8243; custom_button=\u00bbon\u00bb button_text_size=\u00bb15px\u00bb button_text_color=\u00bb#ffffff\u00bb button_bg_color=\u00bb#dca47d\u00bb button_border_width=\u00bb10px\u00bb button_border_color=\u00bb#dca47d\u00bb button_border_radius=\u00bb0px\u00bb button_letter_spacing=\u00bb3px\u00bb button_font=\u00bbOswald|||on|\u00bb button_use_icon=\u00bboff\u00bb button_bg_color_hover=\u00bb#c99872&#8243; button_border_color_hover=\u00bb#c99872&#8243; button_border_radius_hover=\u00bb0px\u00bb button_letter_spacing_hover=\u00bb3px\u00bb custom_margin=\u00bb|||\u00bb]<\/p>\n<p>&nbsp;<\/p>\n<p>[\/et_pb_button][\/et_pb_column][\/et_pb_row][\/et_pb_section][et_pb_section bb_built=\u00bb1&#8243; admin_label=\u00bbVideo Title Section\u00bb _builder_version=\u00bb3.0.85&#8243; background_color=\u00bb#1d140b\u00bb custom_padding=\u00bb120px|0px|60px|0px\u00bb saved_tabs=\u00bball\u00bb prev_background_color=\u00bb#ffffff\u00bb next_background_color=\u00bb#ffffff\u00bb][et_pb_row admin_label=\u00bbVideo Row\u00bb custom_padding=\u00bb|||\u00bb _builder_version=\u00bb3.0.80&#8243;][et_pb_column type=\u00bb4_4&#8243;][et_pb_text admin_label=\u00bbTittle\u00bb _builder_version=\u00bb3.2.1&#8243; header_2_font=\u00bbOswald|||on|||||\u00bb header_2_text_align=\u00bbcenter\u00bb header_2_font_size=\u00bb40px\u00bb header_2_letter_spacing=\u00bb2px\u00bb header_2_line_height=\u00bb1.5em\u00bb background_layout=\u00bbdark\u00bb max_width=\u00bb600px\u00bb module_alignment=\u00bbcenter\u00bb]<\/p>\n<h2 style=\"text-align: center;\">Un coup d&#8217;\u0153il<\/h2>\n<p>[\/et_pb_text][et_pb_text admin_label=\u00bbtexts\u00bb disabled_on=\u00bboff|off|off\u00bb _builder_version=\u00bb3.2.1&#8243; text_font=\u00bbNunito||||||||\u00bb text_text_color=\u00bb#ffffff\u00bb text_font_size=\u00bb18px\u00bb text_line_height=\u00bb1.8em\u00bb header_font=\u00bbOswald||||\u00bb header_font_size=\u00bb16px\u00bb header_letter_spacing=\u00bb2px\u00bb header_line_height=\u00bb1.7em\u00bb text_orientation=\u00bbcenter\u00bb max_width=\u00bb600px\u00bb max_width_last_edited=\u00bbon|phone\u00bb module_alignment=\u00bbcenter\u00bb custom_margin=\u00bb-30px|||\u00bb]<\/p>\n<p style=\"text-align: center;\">Un vistazo a las pel\u00edculas<\/p>\n<p>[\/et_pb_text][\/et_pb_column][\/et_pb_row][\/et_pb_section][et_pb_section bb_built=\u00bb1&#8243; admin_label=\u00bbBest Beans\u00bb _builder_version=\u00bb3.0.85&#8243; background_color_gradient_direction=\u00bb90deg\u00bb custom_padding=\u00bb0px|0px|0px|0px\u00bb prev_background_color=\u00bb#1d140b\u00bb next_background_color=\u00bb#000000&#8243;][et_pb_row admin_label=\u00bbBest Beans Row\u00bb make_fullwidth=\u00bbon\u00bb use_custom_gutter=\u00bbon\u00bb gutter_width=\u00bb1&#8243; custom_padding=\u00bb0px|0px|0px|0px\u00bb custom_margin=\u00bb|||\u00bb make_equal=\u00bbon\u00bb bg_img_2=\u00bbhttps:\/\/mayodel68.org\/wp-content\/uploads\/2018\/05\/section-bg-9.jpg\u00bb padding_top_1=\u00bb100px\u00bb padding_right_1=\u00bb10%\u00bb padding_bottom_1=\u00bb100px\u00bb padding_left_1=\u00bb10%\u00bb _builder_version=\u00bb3.2.1&#8243;][et_pb_column type=\u00bb1_2&#8243;][et_pb_text admin_label=\u00bbTittle\u00bb _builder_version=\u00bb3.2.1&#8243; text_font=\u00bbNunito||||||||\u00bb text_font_size=\u00bb18px\u00bb text_line_height=\u00bb1.8em\u00bb header_text_align=\u00bbcenter\u00bb header_3_font=\u00bbOswald|||on|||||\u00bb header_3_font_size=\u00bb42px\u00bb header_3_letter_spacing=\u00bb2px\u00bb header_3_line_height=\u00bb1.5em\u00bb max_width=\u00bb600px\u00bb max_width_last_edited=\u00bbon|phone\u00bb module_alignment=\u00bbleft\u00bb custom_margin=\u00bb|||\u00bb]<\/p>\n<h3>Memorias del subdesarrollo (1968)<\/h3>\n<p>Direcci\u00f3n: Tom\u00e1s Guti\u00e9rrez Alea<br \/>\nCuba, 1968<br \/>\nDuraci\u00f3n: 97 min.<\/p>\n<p>[\/et_pb_text][et_pb_button button_url=\u00bbhttps:\/\/www.filmaffinity.com\/es\/film330001.html\u00bb url_new_window=\u00bbon\u00bb button_text=\u00bbFilmAffinity\u00bb button_alignment=\u00bbleft\u00bb _builder_version=\u00bb3.2.1&#8243; custom_button=\u00bbon\u00bb button_text_size=\u00bb15px\u00bb button_text_color=\u00bb#ffffff\u00bb button_bg_color=\u00bb#dca47d\u00bb button_border_width=\u00bb10px\u00bb button_border_color=\u00bb#dca47d\u00bb button_border_radius=\u00bb0px\u00bb button_letter_spacing=\u00bb3px\u00bb button_font=\u00bbOswald|||on|\u00bb button_use_icon=\u00bboff\u00bb button_bg_color_hover=\u00bb#c99872&#8243; button_border_color_hover=\u00bb#c99872&#8243; button_border_radius_hover=\u00bb0px\u00bb button_letter_spacing_hover=\u00bb3px\u00bb custom_margin=\u00bb60px|||\u00bb locked=\u00bboff\u00bb]<\/p>\n<p>&nbsp;<\/p>\n<p>[\/et_pb_button][\/et_pb_column][et_pb_column type=\u00bb1_2&#8243;][et_pb_video src=\u00bbhttps:\/\/youtu.be\/yFXqq4KuJ3w\u00bb _builder_version=\u00bb3.2.1&#8243;]<\/p>\n<p>&nbsp;<\/p>\n<p>[\/et_pb_video][\/et_pb_column][\/et_pb_row][et_pb_row admin_label=\u00bbBest Beans Row\u00bb make_fullwidth=\u00bbon\u00bb use_custom_gutter=\u00bbon\u00bb gutter_width=\u00bb1&#8243; custom_padding=\u00bb0px|0px|0px|0px\u00bb custom_margin=\u00bb|||\u00bb make_equal=\u00bbon\u00bb padding_top_2=\u00bb100px\u00bb padding_right_2=\u00bb10%\u00bb padding_bottom_2=\u00bb100px\u00bb padding_left_2=\u00bb10%\u00bb _builder_version=\u00bb3.2.1&#8243;][et_pb_column type=\u00bb1_2&#8243;][et_pb_video src=\u00bbhttps:\/\/youtu.be\/EiNVlfp2OdU\u00bb _builder_version=\u00bb3.2.2&#8243;]<\/p>\n<p>&nbsp;<\/p>\n<p>[\/et_pb_video][\/et_pb_column][et_pb_column type=\u00bb1_2&#8243;][et_pb_text admin_label=\u00bbTittle\u00bb _builder_version=\u00bb3.2.1&#8243; text_font=\u00bbNunito||||||||\u00bb text_font_size=\u00bb18px\u00bb text_line_height=\u00bb1.8em\u00bb header_text_align=\u00bbcenter\u00bb header_3_font=\u00bbOswald|||on|||||\u00bb header_3_font_size=\u00bb42px\u00bb header_3_letter_spacing=\u00bb2px\u00bb header_3_line_height=\u00bb1.5em\u00bb max_width=\u00bb600px\u00bb max_width_last_edited=\u00bbon|phone\u00bb module_alignment=\u00bbleft\u00bb custom_margin=\u00bb|||\u00bb]<\/p>\n<h3>Peppermint Frapp\u00e9 (1967)<\/h3>\n<p>Direcci\u00f3n: Carlos Saura<br \/>\nCuba, 1967<br \/>\nDuraci\u00f3n: 92 min.<\/p>\n<p>[\/et_pb_text][et_pb_button button_url=\u00bbhttps:\/\/www.filmaffinity.com\/es\/film326621.html\u00bb url_new_window=\u00bbon\u00bb button_text=\u00bbFilmAffinity\u00bb button_alignment=\u00bbleft\u00bb _builder_version=\u00bb3.2.1&#8243; custom_button=\u00bbon\u00bb button_text_size=\u00bb15px\u00bb button_text_color=\u00bb#ffffff\u00bb button_bg_color=\u00bb#dca47d\u00bb button_border_width=\u00bb10px\u00bb button_border_color=\u00bb#dca47d\u00bb button_border_radius=\u00bb0px\u00bb button_letter_spacing=\u00bb3px\u00bb button_font=\u00bbOswald|||on|\u00bb button_use_icon=\u00bboff\u00bb button_bg_color_hover=\u00bb#c99872&#8243; button_border_color_hover=\u00bb#c99872&#8243; button_border_radius_hover=\u00bb0px\u00bb button_letter_spacing_hover=\u00bb3px\u00bb custom_margin=\u00bb60px|||\u00bb locked=\u00bboff\u00bb]<\/p>\n<p>&nbsp;<\/p>\n<p>[\/et_pb_button][\/et_pb_column][\/et_pb_row][et_pb_row admin_label=\u00bbBest Beans Row\u00bb make_fullwidth=\u00bbon\u00bb use_custom_gutter=\u00bbon\u00bb gutter_width=\u00bb1&#8243; custom_padding=\u00bb0px|0px|0px|0px\u00bb custom_margin=\u00bb|||\u00bb make_equal=\u00bbon\u00bb bg_img_2=\u00bbhttps:\/\/mayodel68.org\/wp-content\/uploads\/2018\/05\/section-bg-9.jpg\u00bb padding_top_1=\u00bb100px\u00bb padding_right_1=\u00bb10%\u00bb padding_bottom_1=\u00bb100px\u00bb padding_left_1=\u00bb10%\u00bb _builder_version=\u00bb3.0.85&#8243;][et_pb_column type=\u00bb1_2&#8243;][et_pb_text admin_label=\u00bbTittle\u00bb _builder_version=\u00bb3.2.2&#8243; text_font=\u00bbNunito||||||||\u00bb text_font_size=\u00bb18px\u00bb text_line_height=\u00bb1.8em\u00bb header_text_align=\u00bbcenter\u00bb header_3_font=\u00bbOswald|||on|||||\u00bb header_3_font_size=\u00bb42px\u00bb header_3_letter_spacing=\u00bb2px\u00bb header_3_line_height=\u00bb1.5em\u00bb max_width=\u00bb600px\u00bb max_width_last_edited=\u00bbon|phone\u00bb module_alignment=\u00bbleft\u00bb custom_margin=\u00bb|||\u00bb locked=\u00bboff\u00bb]<\/p>\n<h3>Las margaritas<\/h3>\n<h3>(1966)\u00a0<img loading=\"lazy\" decoding=\"async\" class=\"size-medium wp-image-1049 alignright\" src=\"https:\/\/mayo68.puenteromano.net\/wp-content\/uploads\/2018\/05\/Centro-Checo-300x62.jpg\" alt=\"\" width=\"300\" height=\"62\" \/><\/h3>\n<p>Direcci\u00f3n: Vera Chytilov\u00e1<br \/>\nChecoeslovaquia, 1966<br \/>\nT\u00edtulo original: Sedmikr\u00e1sky (Daisies)<br \/>\nDuraci\u00f3n: 74 min.<\/p>\n<p>[\/et_pb_text][et_pb_button button_url=\u00bbhttps:\/\/www.filmaffinity.com\/es\/film351856.html\u00bb url_new_window=\u00bbon\u00bb button_text=\u00bbFilmAffinity\u00bb button_alignment=\u00bbleft\u00bb _builder_version=\u00bb3.2.2&#8243; custom_button=\u00bbon\u00bb button_text_size=\u00bb15px\u00bb button_text_color=\u00bb#ffffff\u00bb button_bg_color=\u00bb#dca47d\u00bb button_border_width=\u00bb10px\u00bb button_border_color=\u00bb#dca47d\u00bb button_border_radius=\u00bb0px\u00bb button_letter_spacing=\u00bb3px\u00bb button_font=\u00bbOswald|||on|\u00bb button_use_icon=\u00bboff\u00bb button_bg_color_hover=\u00bb#c99872&#8243; button_border_color_hover=\u00bb#c99872&#8243; button_border_radius_hover=\u00bb0px\u00bb button_letter_spacing_hover=\u00bb3px\u00bb custom_margin=\u00bb60px|||\u00bb locked=\u00bboff\u00bb]<\/p>\n<p>&nbsp;<\/p>\n<p>[\/et_pb_button][\/et_pb_column][et_pb_column type=\u00bb1_2&#8243;][et_pb_video src=\u00bbhttps:\/\/youtu.be\/3WVSYwVKmVs\u00bb _builder_version=\u00bb3.2.1&#8243;]<\/p>\n<p>&nbsp;<\/p>\n<p>[\/et_pb_video][\/et_pb_column][\/et_pb_row][\/et_pb_section][et_pb_section bb_built=\u00bb1&#8243; admin_label=\u00bbFooter\u00bb module_id=\u00bbPrograma\u00bb _builder_version=\u00bb3.2.1&#8243; background_color_gradient_direction=\u00bb90deg\u00bb background_image=\u00bbhttp:\/\/mayodel68.org\/wp-content\/uploads\/2018\/05\/T-Filarmo\u0301nica-sala.jpg\u00bb parallax=\u00bbon\u00bb custom_padding=\u00bb0px|0px|0px|0px\u00bb saved_tabs=\u00bball\u00bb locked=\u00bboff\u00bb prev_background_color=\u00bb#ffffff\u00bb][et_pb_row admin_label=\u00bbFooter Row\u00bb make_fullwidth=\u00bbon\u00bb use_custom_gutter=\u00bbon\u00bb gutter_width=\u00bb1&#8243; custom_padding=\u00bb0px|0px|0px|0px\u00bb custom_margin=\u00bb|||\u00bb make_equal=\u00bbon\u00bb background_color_1=\u00bbrgba(0,0,0,0.6)\u00bb background_color_2=\u00bb#000000&#8243; padding_top_1=\u00bb100px\u00bb padding_top_2=\u00bb100px\u00bb padding_right_1=\u00bb10%\u00bb padding_right_2=\u00bb10%\u00bb padding_bottom_1=\u00bb100px\u00bb padding_bottom_2=\u00bb100px\u00bb padding_left_1=\u00bb10%\u00bb padding_left_2=\u00bb10%\u00bb padding_1_last_edited=\u00bbon|phone\u00bb _builder_version=\u00bb3.2.1&#8243; animation_style=\u00bbfade\u00bb][et_pb_column type=\u00bb1_2&#8243;][et_pb_text admin_label=\u00bbTittle\u00bb _builder_version=\u00bb3.2.1&#8243; text_font=\u00bbOswald||||\u00bb link_font=\u00bb||||||||\u00bb ul_font=\u00bb||||||||\u00bb ol_font=\u00bb||||||||\u00bb quote_font=\u00bb||||||||\u00bb header_font=\u00bb||||||||\u00bb header_2_font=\u00bbOswald|||on|||||\u00bb header_2_text_align=\u00bbleft\u00bb header_2_font_size=\u00bb40px\u00bb header_2_letter_spacing=\u00bb2px\u00bb header_2_line_height=\u00bb1.5em\u00bb background_layout=\u00bbdark\u00bb custom_margin=\u00bb||4%|\u00bb locked=\u00bboff\u00bb]<\/p>\n<h2>Teatro filarm\u00f3nica<\/h2>\n<p>[\/et_pb_text][et_pb_text admin_label=\u00bbTexts\u00bb _builder_version=\u00bb3.0.85&#8243; text_font=\u00bbNunito||||\u00bb text_font_size=\u00bb16px\u00bb text_line_height=\u00bb1.5em\u00bb header_font=\u00bbOswald|||on|\u00bb header_text_color=\u00bb#DCA57D\u00bb header_font_size=\u00bb16px\u00bb header_letter_spacing=\u00bb2px\u00bb header_line_height=\u00bb1.7em\u00bb header_4_font=\u00bbOswald|||on|||||\u00bb header_4_text_color=\u00bb#DCA57D\u00bb header_4_font_size=\u00bb16px\u00bb header_4_letter_spacing=\u00bb1px\u00bb header_4_line_height=\u00bb1.5em\u00bb background_layout=\u00bbdark\u00bb custom_margin=\u00bb||6%|\u00bb locked=\u00bboff\u00bb]<\/p>\n<h4>Direcci\u00f3n<\/h4>\n<p>Calle de Mendiz\u00e1bal, 3, 33003 Oviedo, Asturias<\/p>\n<p>[\/et_pb_text][et_pb_text admin_label=\u00bbTexts\u00bb _builder_version=\u00bb3.0.85&#8243; text_font=\u00bbNunito||||\u00bb text_font_size=\u00bb16px\u00bb text_line_height=\u00bb1.5em\u00bb header_font=\u00bbOswald|||on|\u00bb header_text_color=\u00bb#DCA57D\u00bb header_font_size=\u00bb16px\u00bb header_letter_spacing=\u00bb2px\u00bb header_line_height=\u00bb1.7em\u00bb header_4_font=\u00bbOswald|||on|||||\u00bb header_4_text_color=\u00bb#DCA57D\u00bb header_4_font_size=\u00bb16px\u00bb header_4_letter_spacing=\u00bb1px\u00bb header_4_line_height=\u00bb1.5em\u00bb background_layout=\u00bbdark\u00bb custom_margin=\u00bb||6%|\u00bb locked=\u00bboff\u00bb]<\/p>\n<h4>Concejal\u00eda de Cultura<\/h4>\n<p>985 20 73 55<\/p>\n<p>[\/et_pb_text][et_pb_button admin_label=\u00bbTexts\u00bb button_url=\u00bbhttps:\/\/goo.gl\/maps\/cpKv9TP9VdL2&#8243; url_new_window=\u00bbon\u00bb button_text=\u00bbLocalizaci\u00f3n\u00bb button_alignment=\u00bbleft\u00bb _builder_version=\u00bb3.2.1&#8243; custom_button=\u00bbon\u00bb button_text_size=\u00bb15px\u00bb button_text_color=\u00bb#ffffff\u00bb button_bg_color=\u00bb#dca47d\u00bb button_border_width=\u00bb10px\u00bb button_border_color=\u00bb#dca47d\u00bb button_border_radius=\u00bb0px\u00bb button_letter_spacing=\u00bb3px\u00bb button_font=\u00bbOswald|||on|\u00bb button_use_icon=\u00bboff\u00bb button_bg_color_hover=\u00bb#c99872&#8243; button_border_color_hover=\u00bb#c99872&#8243; button_border_radius_hover=\u00bb0px\u00bb button_letter_spacing_hover=\u00bb3px\u00bb custom_margin=\u00bb|||\u00bb]<\/p>\n<p>&nbsp;<\/p>\n<p>[\/et_pb_button][\/et_pb_column][et_pb_column type=\u00bb1_2&#8243;][et_pb_text admin_label=\u00bbTexts\u00bb _builder_version=\u00bb3.2.1&#8243; text_font=\u00bbOswald||||\u00bb header_2_font=\u00bbOswald|||on|||||\u00bb header_2_text_align=\u00bbleft\u00bb header_2_font_size=\u00bb40px\u00bb header_2_letter_spacing=\u00bb2px\u00bb header_2_line_height=\u00bb1.5em\u00bb background_layout=\u00bbdark\u00bb custom_margin=\u00bb||4%|\u00bb custom_padding=\u00bb|||\u00bb locked=\u00bboff\u00bb]<\/p>\n<h2>No s\u00f3lo&#8230;Par\u00eds<\/h2>\n<h3>Programaci\u00f3n<\/h3>\n<p>[\/et_pb_text][et_pb_text admin_label=\u00bbTexts\u00bb _builder_version=\u00bb3.2.1&#8243; text_font=\u00bbNunito||||\u00bb text_font_size=\u00bb16px\u00bb header_font=\u00bbOswald|||on|\u00bb header_text_color=\u00bb#DCA57D\u00bb header_font_size=\u00bb16px\u00bb header_letter_spacing=\u00bb2px\u00bb header_line_height=\u00bb1.7em\u00bb header_4_font=\u00bbOswald|||on|||||\u00bb header_4_text_color=\u00bb#DCA57D\u00bb header_4_font_size=\u00bb16px\u00bb header_4_letter_spacing=\u00bb1px\u00bb header_4_line_height=\u00bb1.5em\u00bb background_layout=\u00bbdark\u00bb custom_margin=\u00bb||6%|\u00bb locked=\u00bboff\u00bb]<\/p>\n<h4>Memorias del subdesarrollo<\/h4>\n<p>8 de mayo, martes<\/p>\n<p>[\/et_pb_text][et_pb_text admin_label=\u00bbTexts\u00bb _builder_version=\u00bb3.2.1&#8243; text_font=\u00bbNunito||||\u00bb text_font_size=\u00bb16px\u00bb header_font=\u00bbOswald|||on|\u00bb header_text_color=\u00bb#DCA57D\u00bb header_font_size=\u00bb16px\u00bb header_letter_spacing=\u00bb2px\u00bb header_line_height=\u00bb1.7em\u00bb header_4_font=\u00bbOswald|||on|||||\u00bb header_4_text_color=\u00bb#DCA57D\u00bb header_4_font_size=\u00bb16px\u00bb header_4_letter_spacing=\u00bb1px\u00bb header_4_line_height=\u00bb1.5em\u00bb background_layout=\u00bbdark\u00bb custom_margin=\u00bb||6%|\u00bb locked=\u00bboff\u00bb]<\/p>\n<h4>Peppermint frapp\u00e9<\/h4>\n<p>18 de mayo, viernes<\/p>\n<p>[\/et_pb_text][et_pb_text admin_label=\u00bbTexts\u00bb _builder_version=\u00bb3.2.2&#8243; text_font=\u00bbNunito||||\u00bb text_font_size=\u00bb16px\u00bb header_font=\u00bbOswald|||on|\u00bb header_text_color=\u00bb#dca57d\u00bb header_font_size=\u00bb16px\u00bb header_letter_spacing=\u00bb2px\u00bb header_line_height=\u00bb1.7em\u00bb header_4_font=\u00bbOswald|||on|||||\u00bb header_4_text_color=\u00bb#dca57d\u00bb header_4_font_size=\u00bb16px\u00bb header_4_letter_spacing=\u00bb1px\u00bb header_4_line_height=\u00bb1.5em\u00bb background_layout=\u00bbdark\u00bb custom_margin=\u00bb||6%|\u00bb locked=\u00bboff\u00bb]<\/p>\n<h4>las margaritas<img loading=\"lazy\" decoding=\"async\" class=\"size-medium wp-image-1049 alignright\" src=\"https:\/\/mayo68.puenteromano.net\/wp-content\/uploads\/2018\/05\/Centro-Checo-300x62.jpg\" alt=\"\" width=\"300\" height=\"62\" \/><\/h4>\n<p>29 de mayo, martes<\/p>\n<p>&nbsp;<\/p>\n<p>[\/et_pb_text][et_pb_text admin_label=\u00bbTexts\u00bb _builder_version=\u00bb3.2.2&#8243; text_font=\u00bbNunito||||\u00bb text_font_size=\u00bb16px\u00bb header_font=\u00bbOswald|||on|\u00bb header_text_color=\u00bb#dca57d\u00bb header_font_size=\u00bb16px\u00bb header_letter_spacing=\u00bb2px\u00bb header_line_height=\u00bb1.7em\u00bb header_4_font=\u00bbOswald|||on|||||\u00bb header_4_text_color=\u00bb#dca57d\u00bb header_4_font_size=\u00bb16px\u00bb header_4_letter_spacing=\u00bb1px\u00bb header_4_line_height=\u00bb1.5em\u00bb background_layout=\u00bbdark\u00bb custom_margin=\u00bb||6%|\u00bb text_text_color=\u00bb#edf000&#8243;]<\/p>\n<p><strong>20 horas todas las sesiones<\/strong><\/p>\n<p>[\/et_pb_text][\/et_pb_column][\/et_pb_row][\/et_pb_section]<\/p>\n","protected":false},"excerpt":{"rendered":"<p>&nbsp; Mediados de los 60 Tres propuestas cinematogr\u00e1ficas Tom\u00e1s Guti\u00e9rrez Alea Cuba, 1968 Carlos Saura Espa\u00f1a, 1967 Vera Chytilov\u00e1 Checoeslovaquia, 1966 &nbsp; Un coup d&#8217;\u0153il Un vistazo a las pel\u00edculas Memorias del subdesarrollo (1968) Direcci\u00f3n: Tom\u00e1s Guti\u00e9rrez Alea Cuba, 1968 Duraci\u00f3n: 97 min. &nbsp; &nbsp; &nbsp; Peppermint Frapp\u00e9 (1967) Direcci\u00f3n: Carlos Saura Cuba, 1967 Duraci\u00f3n: [&hellip;]<\/p>\n","protected":false},"author":1,"featured_media":0,"parent":0,"menu_order":0,"comment_status":"closed","ping_status":"closed","template":"","meta":{"_et_pb_use_builder":"on","_et_pb_old_content":"","_et_gb_content_width":"","footnotes":""},"class_list":["post-660","page","type-page","status-publish","hentry"],"_links":{"self":[{"href":"https:\/\/mayo68.puenteromano.net\/index.php\/wp-json\/wp\/v2\/pages\/660","targetHints":{"allow":["GET"]}}],"collection":[{"href":"https:\/\/mayo68.puenteromano.net\/index.php\/wp-json\/wp\/v2\/pages"}],"about":[{"href":"https:\/\/mayo68.puenteromano.net\/index.php\/wp-json\/wp\/v2\/types\/page"}],"author":[{"embeddable":true,"href":"https:\/\/mayo68.puenteromano.net\/index.php\/wp-json\/wp\/v2\/users\/1"}],"replies":[{"embeddable":true,"href":"https:\/\/mayo68.puenteromano.net\/index.php\/wp-json\/wp\/v2\/comments?post=660"}],"version-history":[{"count":0,"href":"https:\/\/mayo68.puenteromano.net\/index.php\/wp-json\/wp\/v2\/pages\/660\/revisions"}],"wp:attachment":[{"href":"https:\/\/mayo68.puenteromano.net\/index.php\/wp-json\/wp\/v2\/media?parent=660"}],"curies":[{"name":"wp","href":"https:\/\/api.w.org\/{rel}","templated":true}]}}